 thousands digit of 15343?
1
What is the ten thousands digit of 49516?
4
What is the units digit of 179?
9
What is the hundreds digit of 2096?
0
What is the units digit of 1283?
3
What is the thousands digit of 3500?
3
What is the tens digit of 2561?
6
What is the tens digit of 16301?
0
What is the tens digit of 434?
3
What is the units digit of 31252?
2
What is the tens digit of 4609?
0
What is the thousands digit of 3973?
3
What is the thousands digit of 3111?
3
What is the tens digit of 308?
0
What is the units digit of 5957?
7
What is the hundreds digit of 13402?
4
What is the thousands digit of 31860?
1
What is the hundreds digit of 20894?
8
What is the tens digit of 454?
5
What is the units digit of 4267?
7
What is the tens digit of 1744?
4
What is the tens digit of 61297?
9
What is the units digit of 96353?
3
What is the tens digit of 81?
8
What is the hundreds digit of 152?
1
What is the tens digit of 2344?
4
What is the tens digit of 1079?
7
What is the hundreds digit of 649?
6
What is the hundreds digit of 25846?
8
What is the units digit of 6005?
5
What is the tens digit of 65?
6
What is the thousands digit of 10458?
0
What is the units digit of 9636?
6
What is the tens digit of 7492?
9
What is the ten thousands digit of 16530?
1
What is the hundreds digit of 86265?
2
What is the hundreds digit of 746?
7
What is the hundreds digit of 1340?
3
What is the thousands digit of 14258?
4
What is the units digit of 34796?
6
What is the thousands digit of 3191?
3
What is the units digit of 159?
9
What is the units digit of 31420?
0
What is the units digit of 29949?
9
What is the thousands digit of 49735?
9
What is the units digit of 22888?
8
What is the ten thousands digit of 48609?
4
What is the tens digit of 17538?
3
What is the hundreds digit of 1030?
0
What is the units digit of 90?
0
What is the hundreds digit of 1237?
2
What is the tens digit of 130063?
6
What is the tens digit of 29134?
3
What is the tens digit of 2700?
0
What is the units digit of 1281?
1
What is the hundreds digit of 2545?
5
What is the ten thousands digit of 30996?
3
What is the tens digit of 2736?
3
What is the units digit of 3015?
5
What is the thousands digit of 2463?
2
What is the hundred thousands digit of 124509?
1
What is the ten thousands digit of 24953?
2
What is the units digit of 1619?
9
What is the tens digit of 1503?
0
What is the thousands digit of 9897?
9
What is the units digit of 2603?
3
What is the hundreds digit of 2621?
6
What is the units digit of 3804?
4
What is the tens digit of 7483?
8
What is the hundreds digit of 883?
8
What is the hundreds digit of 32800?
8
What is the thousands digit of 2604?
2
What is the ten thousands digit of 61521?
6
What is the hundreds digit of 951?
9
What is the hundreds digit of 2467?
4
What is the thousands digit of 4333?
4
What is the tens digit of 142?
4
What is the tens digit of 5268?
6
What is the thousands digit of 1263?
1
What is the units digit of 7755?
5
What is the units digit of 14281?
1
What is the tens digit of 308?
0
What is the hundreds digit of 623?
6
What is the thousands digit of 9375?
9
What is the hundreds digit of 4059?
0
What is the tens digit of 3422?
2
What is the hundreds digit of 4613?
6
What is the hundreds digit of 3774?
7
What is the thousands digit of 24516?
4
What is the ten thousands digit of 66705?
6
What is the hundred thousands digit of 102281?
1
What is the tens digit of 1982?
8
What is the tens digit of 3507?
0
What is the hundreds digit of 1467?
4
What is the units digit of 252?
2
What is the units digit of 2844?
4
What is the tens digit of 657?
5
What is the tens digit of 11971?
7
What is the thousands digit of 6073?
6
What is the hundreds digit of 68661?
6
What is the tens digit of 389?
8
What is the tens digit of 61?
6
What is the ten thousands digit of 16172?
1
What is the hundreds digit of 10608?
6
What is the hundreds digit of 4833?
8
What is the thousands digit of 3316?
3
What is the tens digit of 47572?
7
What is the thousands digit of 1755?
1
What is the hundreds digit of 47400?
4
What is the hundreds digit of 5480?
4
What is the tens digit of 8404?
0
What is the thousands digit of 66444?
6
What is the tens digit of 124097?
9
What is the thousands digit of 19318?
9
What is the tens digit of 1790?
9
What is the tens digit of 145909?
0
What is the ten thousands digit of 39255?
3
What is the tens digit of 8572?
7
What is the units digit of 160?
0
What is the units digit of 25179?
9
What is the thousands digit of 25163?
5
What is the units digit of 1385?
5
What is the units digit of 6101?
1
What is the ten thousands digit of 175180?
7
What is the units digit of 1338?
8
What is the hundreds digit of 66600?
6
What is the tens digit of 80534?
3
What is the ten thousands digit of 100644?
0
What is the tens digit of 21862?
6
What is the hundreds digit of 964?
9
What is the units digit of 42235?
5
What is the hundreds digit of 1112?
1
What is the units digit of 71229?
9
What is the units digit of 1049?
9
What is the hundreds digit of 12697?
6
What is the tens digit of 515?
1
What is the hundreds digit of 10618?
6
What is the ten thousands digit of 45834?
4
What is the tens digit of 336?
3
What is the tens digit of 10934?
3
What is the hundreds digit of 5182?
1
What is the tens digit of 2525?
2
What is the hundreds digit of 161268?
2
What is the tens digit of 24931?
3
What is the units digit of 112128?
8
What is the hundreds digit of 4334?
3
What is the thousands digit of 1758?
1
What is the hundreds digit of 10384?
3
What is the ten thousands digit of 16412?
1
What is the hundreds digit of 156?
1
What is the hundreds digit of 1859?
8
What is the tens digit of 984?
8
What is the ten thousands digit of 168723?
6
What is the hundreds digit of 949?
9
What is the units digit of 178?
8
What is the thousands digit of 4185?
4
What is the hundreds digit of 2997?
9
What is the thousands digit of 5407?
5
What is the hundreds digit of 116?
1
What is the hundred thousands digit of 134651?
1
What is the ten thousands digit of 12305?
1
What is the hundreds digit of 19421?
4
What is the tens digit of 74?
7
What is the units digit of 2692?
2
What is the ten thousands digit of 20747?
2
What is the units digit of 909?
9
What is the thousands digit of 1174?
1
What is the tens digit of 811?
1
What is the hundreds digit of 54716?
7
What is the hundreds digit of 1809?
8
What is the units digit of 225?
5
What is the units digit of 14858?
8
What is the ten thousands digit of 38693?
3
What is the units digit of 87062?
2
What is the tens digit of 8942?
4
What is the units digit of 1195?
5
What is the hundreds digit of 20890?
8
What is the tens digit of 4711?
1
What is the hundreds digit of 781?
7
What is the thousands digit of 15590?
5
What is the hundreds digit of 6628?
6
What is the tens digit of 18911?
1
What is the tens digit of 715?
1
What is the hundreds digit of 993?
9
What is the tens digit of 403?
0
What is the units digit of 2790?
0
What is the tens digit of 1668?
6
What is the tens digit of 736?
3
What is the hundreds digit of 1689?
6
What is the tens digit of 56?
5
What is the hundreds digit of 14473?
4
What is the tens digit of 4794?
9
What is the ten thousands digit of 30551?
3
What is the units digit of 16946?
6
What is the hundreds digit of 2036?
0
What is the thousands digit of 4485?
4
What is the tens digit of 1813?
1
What is the ten thousands digit of 11998?
1
What is the units digit of 2043?
3
What is the hundreds digit of 198?
1
What is the units digit of 42589?
9
What is the tens digit of 3930?
3
What is the hundreds digit of 1233?
2
What is the units digit of 8964?
4
What is the units digit of 1364?
4
What is the tens digit of 5621?
2
What is the hundreds digit of 127122?
1
What is the units digit of 8457?
7
What is the tens digit of 9730?
3
What is the tens digit of 2004?
0
What is the thousands digit of 1050?
1
What is the tens digit of 19554?
5
What is the hundreds digit of 10448?
4
What is the units digit of 12015?
5
What is the tens digit of 103?
0
What is the tens digit of 23563?
6
What is the tens digit of 877?
7
What is the hundreds digit of 532?
5
What is the hundreds digit of 145575?
5
What is the thousands digit of 2874?
2
What is the tens digit of 1291?
9
What is 